-- https://www.phpmyadmin.net/
--

START TRANSACTION;



-- --------------------------------------------------------

--
-- Table structure for table `appointment`
--

CREATE TABLE `appointment` (
  `id` bigint(20) UNSIGNED NOT NULL,
  `location` varchar(200) DEFAULT NULL,
  `doctor` varchar(200) DEFAULT NULL,
  `department` varchar(200) DEFAULT NULL,
  `name` varchar(50) DEFAULT NULL,
  `email` varchar(50) DEFAULT NULL,
  `phone` varchar(255) DEFAULT NULL,
  `date` varchar(50) DEFAULT NULL,
  `time` varchar(100) DEFAULT NULL,
  `type` varchar(100) DEFAULT NULL,
  `created_at` timestamp NULL DEFAULT NULL,
  `updated_at` timestamp NULL DEFAULT NULL
) ENGINE=InnoDB DEFAULT CHARSET=utf8mb4 COLLATE=utf8mb4_unicode_ci;

--
-- Dumping data for table `appointment`
--

INSERT INTO `appointment` (`id`, `location`, `doctor`, `department`, `name`, `email`, `phone`, `date`, `time`, `type`, `created_at`, `updated_at`) VALUES
(1, NULL, NULL, 'zz', 'Testing changes', 'outline@gmail.com', '9690407260', NULL, NULL, NULL, '2025-04-28 01:14:13', '2025-04-28 01:14:13'),
(2, NULL, NULL, 'zasasasasaas', 'Sachin kumar', 'sachin@dextrousinfo.in', '9810019909', NULL, NULL, NULL, '2025-04-28 01:18:24', '2025-04-28 01:18:24');

-- --------------------------------------------------------

--
-- Table structure for table `blogs`
--

CREATE TABLE `blogs` (
  `id` bigint(20) UNSIGNED NOT NULL,
  `blog_pic` varchar(255) DEFAULT NULL,
  `title` varchar(500) DEFAULT NULL,
  `category` varchar(10) NOT NULL,
  `slug` varchar(255) DEFAULT NULL,
  `description` text DEFAULT NULL,
  `short_description` text DEFAULT NULL,
  `meta_title` varchar(255) DEFAULT NULL,
  `meta_keyword` varchar(255) DEFAULT NULL,
  `meta_description` text DEFAULT NULL,
  `status` enum('active','inactive') NOT NULL,
  `created_at` timestamp NULL DEFAULT NULL,
  `updated_at` timestamp NULL DEFAULT NULL
) ENGINE=InnoDB DEFAULT CHARSET=utf8mb4 COLLATE=utf8mb4_unicode_ci;

-- --------------------------------------------------------

--
-- Table structure for table `category`
--

CREATE TABLE `category` (
  `id` int(11) NOT NULL,
  `name` varchar(255) NOT NULL
) ENGINE=InnoDB DEFAULT CHARSET=utf8mb4 COLLATE=utf8mb4_general_ci;

--
-- Dumping data for table `category`
--

INSERT INTO `category` (`id`, `name`) VALUES
(1, 'Core Team'),
(3, 'Knowledge Experts'),
(6, 'Support Team');

-- --------------------------------------------------------

--
-- Table structure for table `courses`
--

CREATE TABLE `courses` (
  `id` bigint(20) UNSIGNED NOT NULL,
  `title` varchar(255) NOT NULL,
  `short_title` varchar(255) NOT NULL,
  `lessons` int(11) NOT NULL,
  `students` int(11) NOT NULL,
  `rating` decimal(3,2) NOT NULL,
  `image` varchar(255) NOT NULL,
  `level` varchar(255) NOT NULL,
  `certificate_badge` varchar(255) NOT NULL,
  `description` text NOT NULL,
  `amount` decimal(10,2) NOT NULL,
  `amount2` decimal(10,2) NOT NULL,
  `link` varchar(255) NOT NULL,
  `status` varchar(255) NOT NULL,
  `created_at` timestamp NULL DEFAULT NULL,
  `updated_at` timestamp NULL DEFAULT NULL
) ENGINE=InnoDB DEFAULT CHARSET=utf8mb4 COLLATE=utf8mb4_unicode_ci;

--
-- Dumping data for table `courses`
--

INSERT INTO `courses` (`id`, `title`, `short_title`, `lessons`, `students`, `rating`, `image`, `level`, `certificate_badge`, `description`, `amount`, `amount2`, `link`, `status`, `created_at`, `updated_at`) VALUES
(6, 'Advanced Data Science Techniques', 'Empower your career with data science skills that are in high demand across industries.', 45, 520, 3.00, '1745583188_pricing_thumb01.webp', 'Intermediate', 'demand across industries.', 'Python for Data ScienceMachine Learning AlgorithmsData VisualizationStatistical Analysis', 300.00, 250.00, 'https://dextrousinfo.com/', 'active', '2025-04-25 05:57:26', '2025-04-25 06:43:08'),
(7, 'Advanced Data Science Techniques', 'Empower your career with data science skills that are in high demand across industries.', 50, 600, 5.00, '1745583250_pricing_thumb02.webp', 'Intermediate', 'demand across industries.', 'Python for Data ScienceMachine Learning AlgorithmsData VisualizationStatistical Analysis', 500.00, 300.00, 'https://dextrousinfo.com/', 'active', '2025-04-25 05:57:26', '2025-04-25 06:44:10'),
(8, 'Advanced Data Science Techniques', 'Empower your career with data science skills that are in high demand across industries.', 45, 520, 3.00, '1745583263_pricing_thumb03.webp', 'Intermediate', 'demand across industries.', 'Python for Data ScienceMachine Learning AlgorithmsData VisualizationStatistical Analysis', 300.00, 250.00, 'https://dextrousinfo.com/', 'active', '2025-04-25 05:57:26', '2025-04-25 06:44:23'),
(9, 'Advanced Data Science Techniques', 'Empower your career with data science skills that are in high demand across industries.', 45, 520, 3.00, '1745582435_images.png', 'Intermediate', 'demand across industries.', 'Python for Data ScienceMachine Learning AlgorithmsData VisualizationStatistical Analysis', 300.00, 250.00, 'https://dextrousinfo.com/', 'active', '2025-04-25 05:57:26', '2025-04-25 06:37:38'),
(10, 'Advanced Data Science Techniques', 'Empower your career with data science skills that are in high demand across industries.', 45, 520, 3.00, '1745582435_images.png', 'Intermediate', 'demand across industries.', 'Python for Data ScienceMachine Learning AlgorithmsData VisualizationStatistical Analysis', 300.00, 250.00, 'https://dextrousinfo.com/', 'active', '2025-04-25 05:57:26', '2025-04-25 06:37:38'),
(11, 'Advanced Data Science Techniques', 'Empower your career with data science skills that are in high demand across industries.', 45, 520, 3.00, '1745582435_images.png', 'Intermediate', 'demand across industries.', 'Python for Data ScienceMachine Learning AlgorithmsData VisualizationStatistical Analysis', 300.00, 250.00, 'https://dextrousinfo.com/', 'active', '2025-04-25 05:57:26', '2025-04-25 06:37:38'),
(12, 'Advanced Data Science Techniques', 'Empower your career with data science skills that are in high demand across industries.', 45, 520, 3.00, '1745582435_images.png', 'Intermediate', 'demand across industries.', 'Python for Data ScienceMachine Learning AlgorithmsData VisualizationStatistical Analysis', 300.00, 250.00, 'https://dextrousinfo.com/', 'active', '2025-04-25 05:57:26', '2025-04-25 06:37:38'),
(13, 'Advanced Data Science Techniques', 'Empower your career with data science skills that are in high demand across industries.', 45, 520, 3.00, '1745582435_images.png', 'Intermediate', 'demand across industries.', 'Python for Data ScienceMachine Learning AlgorithmsData VisualizationStatistical Analysis', 300.00, 250.00, 'https://dextrousinfo.com/', 'active', '2025-04-25 05:57:26', '2025-04-25 06:37:38');

-- --------------------------------------------------------

--
-- Table structure for table `doctors`
--

CREATE TABLE `doctors` (
  `id` bigint(20) UNSIGNED NOT NULL,
  `unique_id` text DEFAULT NULL,
  `firstname` varchar(50) DEFAULT NULL,
  `lastname` varchar(50) DEFAULT NULL,
  `mobile` varchar(15) DEFAULT NULL,
  `email` varchar(50) DEFAULT NULL,
  `education` varchar(255) DEFAULT NULL,
  `time` varchar(50) DEFAULT NULL,
  `days` varchar(50) DEFAULT NULL,
  `profile_pic` varchar(255) DEFAULT NULL,
  `gender` varchar(10) DEFAULT NULL,
  `dob` varchar(20) DEFAULT NULL,
  `address` text DEFAULT NULL,
  `medical_license` varchar(100) DEFAULT NULL,
  `specialization` varchar(50) DEFAULT NULL,
  `work_experience` varchar(10) DEFAULT NULL,
  `state_license` varchar(20) DEFAULT NULL,
  `dea_registration` varchar(50) DEFAULT NULL,
  `created_at` timestamp NULL DEFAULT NULL,
  `updated_at` timestamp NULL DEFAULT NULL
) ENGINE=InnoDB DEFAULT CHARSET=utf8mb4 COLLATE=utf8mb4_unicode_ci;

-- --------------------------------------------------------

--
-- Table structure for table `failed_jobs`
--

CREATE TABLE `failed_jobs` (
  `id` bigint(20) UNSIGNED NOT NULL,
  `uuid` varchar(255) NOT NULL,
  `connection` text NOT NULL,
  `queue` text NOT NULL,
  `payload` longtext NOT NULL,
  `exception` longtext NOT NULL,
  `failed_at` timestamp NOT NULL DEFAULT current_timestamp()
) ENGINE=InnoDB DEFAULT CHARSET=utf8mb4 COLLATE=utf8mb4_unicode_ci;

-- --------------------------------------------------------

--
-- Table structure for table `jobs`
--

CREATE TABLE `jobs` (
  `id` bigint(20) UNSIGNED NOT NULL,
  `queue` varchar(255) NOT NULL,
  `payload` longtext NOT NULL,
  `attempts` tinyint(3) UNSIGNED NOT NULL,
  `reserved_at` int(10) UNSIGNED DEFAULT NULL,
  `available_at` int(10) UNSIGNED NOT NULL,
  `created_at` int(10) UNSIGNED NOT NULL
) ENGINE=InnoDB DEFAULT CHARSET=utf8mb4 COLLATE=utf8mb4_unicode_ci;

-- --------------------------------------------------------

--
-- Table structure for table `job_batches`
--

CREATE TABLE `job_batches` (
  `id` varchar(255) NOT NULL,
  `name` varchar(255) NOT NULL,
  `total_jobs` int(11) NOT NULL,
  `pending_jobs` int(11) NOT NULL,
  `failed_jobs` int(11) NOT NULL,
  `failed_job_ids` longtext NOT NULL,
  `options` mediumtext DEFAULT NULL,
  `cancelled_at` int(11) DEFAULT NULL,
  `created_at` int(11) NOT NULL,
  `finished_at` int(11) DEFAULT NULL
) ENGINE=InnoDB DEFAULT CHARSET=utf8mb4 COLLATE=utf8mb4_unicode_ci;

-- --------------------------------------------------------

--
-- Table structure for table `migrations`
--

CREATE TABLE `migrations` (
  `id` int(10) UNSIGNED NOT NULL,
  `migration` varchar(255) NOT NULL,
  `batch` int(11) NOT NULL
) ENGINE=InnoDB DEFAULT CHARSET=utf8mb4 COLLATE=utf8mb4_unicode_ci;

--
-- Dumping data for table `migrations`
--

INSERT INTO `migrations` (`id`, `migration`, `batch`) VALUES
(1, '0001_01_01_000000_create_users_table', 1),
(2, '0001_01_01_000001_create_cache_table', 1),
(3, '0001_01_01_000002_create_jobs_table', 1),
(4, '2025_04_25_090853_create_courses_table', 1),
(5, '2025_04_28_072145_create_teams_table', 2);

-- --------------------------------------------------------

--
-- Table structure for table `news`
--

CREATE TABLE `news` (
  `id` bigint(20) UNSIGNED NOT NULL,
  `news_pic` varchar(255) DEFAULT NULL,
  `name` varchar(255) DEFAULT NULL,
  `description` text DEFAULT NULL,
  `designation` varchar(255) DEFAULT NULL,
  `rating` varchar(255) DEFAULT NULL,
  `status` enum('active','inactive') NOT NULL,
  `created_at` timestamp NULL DEFAULT NULL,
  `updated_at` timestamp NULL DEFAULT NULL
) ENGINE=InnoDB DEFAULT CHARSET=utf8mb4 COLLATE=utf8mb4_unicode_ci;

--
-- Dumping data for table `news`
--

INSERT INTO `news` (`id`, `news_pic`, `name`, `description`, `designation`, `rating`, `status`, `created_at`, `updated_at`) VALUES
(1, '1745584125.webp', 'James Parker', 'PRIA International Academy (PIA), established in 2005, offers educational opportunities to university students and development professionals to enhance their knowledge and skills.', NULL, '3', 'active', '2025-04-25 06:58:45', '2025-04-25 06:58:45'),
(2, '1745584683.webp', 'Emily Davis', 'PRIA International Academy (PIA), established in 2005, offers educational opportunities to university students and development professionals to enhance their knowledge and skills.', NULL, '4', 'active', '2025-04-25 07:08:03', '2025-04-25 07:08:03');

-- --------------------------------------------------------

--
-- Table structure for table `newsletter`
--

CREATE TABLE `newsletter` (
  `id` bigint(20) UNSIGNED NOT NULL,
  `newsletter` varchar(100) DEFAULT NULL,
  `created_at` timestamp NULL DEFAULT NULL,
  `updated_at` timestamp NULL DEFAULT NULL
) ENGINE=InnoDB DEFAULT CHARSET=utf8mb4 COLLATE=utf8mb4_unicode_ci;

--
-- Dumping data for table `newsletter`
--

INSERT INTO `newsletter` (`id`, `newsletter`, `created_at`, `updated_at`) VALUES
(1, 'farhancse111@asdsad.com3', '2025-04-28 01:40:50', '2025-04-28 01:40:50'),
(2, 'sachindextrous@gmail.com', '2025-04-28 01:41:14', '2025-04-28 01:41:14'),
(3, 'outline@gmail.com', '2025-04-28 01:41:54', '2025-04-28 01:41:54'),
(4, 'sachinukdex@gmail.com', '2025-04-28 01:43:30', '2025-04-28 01:43:30'),
(5, 'dsachindextrous@gmail.com', '2025-04-28 01:44:33', '2025-04-28 01:44:33');

-- --------------------------------------------------------

--
-- Table structure for table `sessions`
--

CREATE TABLE `sessions` (
  `id` varchar(255) NOT NULL,
  `user_id` bigint(20) UNSIGNED DEFAULT NULL,
  `ip_address` varchar(45) DEFAULT NULL,
  `user_agent` text DEFAULT NULL,
  `payload` longtext NOT NULL,
  `last_activity` int(11) NOT NULL
) ENGINE=InnoDB DEFAULT CHARSET=utf8mb4 COLLATE=utf8mb4_unicode_ci;

-- --------------------------------------------------------

--
-- Table structure for table `teams`
--

CREATE TABLE `teams` (
  `id` bigint(20) UNSIGNED NOT NULL,
  `category_id` int(11) NOT NULL,
  `pic` varchar(255) NOT NULL,
  `name` varchar(255) NOT NULL,
  `linkedin` varchar(255) NOT NULL,
  `designation` varchar(255) NOT NULL,
  `status` enum('active','inactive') NOT NULL,
  `created_at` timestamp NULL DEFAULT NULL,
  `updated_at` timestamp NULL DEFAULT NULL
) ENGINE=InnoDB DEFAULT CHARSET=utf8mb4 COLLATE=utf8mb4_unicode_ci;

--
-- Dumping data for table `teams`
--

INSERT INTO `teams` (`id`, `category_id`, `pic`, `name`, `linkedin`, `designation`, `status`, `created_at`, `updated_at`) VALUES
(7, 1, '1745833149.jpg', 'Nikita Rakhyani', 'https://in.linkedin.com/in/nikita-rakhyani-a3bb6b137', 'Team Lead', 'active', '2025-04-28 04:09:09', '2025-04-28 04:09:09'),
(8, 1, '1745833186.jpg', 'Shruti Priya', 'https://in.linkedin.com/in/shruti-priya-835a211a2?trk=public_profile_browsemap', 'Service Engagement Specialist', 'active', '2025-04-28 04:09:46', '2025-04-28 04:09:46'),
(9, 3, '1745833674.jpg', 'Rajesh Tandon', 'https://in.linkedin.com/in/rajesh-tandon-a78055117', 'Participatory Research Pioneer and Development Sector Leader', 'active', '2025-04-28 04:17:54', '2025-04-28 04:17:54'),
(10, 6, '1745833706.jpg', 'Bindu Baby', 'http://127.0.0.1:8000/our-team#.', 'Administration', 'active', '2025-04-28 04:18:26', '2025-04-28 04:18:26'),
(11, 1, '1745835098.jpg', 'TBC', 'https://dev.internal.dextrousinfosolutions.com/priaacademy.org/our-team.php#.', 'Education & Learning Specialist', 'active', '2025-04-28 04:41:38', '2025-04-28 04:41:38'),
(12, 3, '1745835167.jpg', 'Kaustuv Kanti Bandyopadhyay', 'https://in.linkedin.com/in/dr-kaustuv-k-bandyopadhyay-861296b', 'Citizen Participation & Social Accountability And Participatory, Monitoring, Evaluation and Learning', 'active', '2025-04-28 04:42:47', '2025-04-28 04:42:47'),
(13, 3, '1745835208.jpg', 'Nandita Bhatt', 'https://www.linkedin.com/in/nandita-pradhan-6732b618b/', 'Gender & Adult Education', 'active', '2025-04-28 04:43:28', '2025-04-28 04:43:28'),
(14, 3, '1745835238.jpg', 'Anshuman Karol', 'https://in.linkedin.com/in/anshuman-karol-2637a72a', 'Governance & Climate Action', 'active', '2025-04-28 04:43:58', '2025-04-28 04:43:58'),
(15, 3, '1745835274.jpg', 'Meghna Sandhir', 'https://in.linkedin.com/in/meghnasandhir', 'Community-based Research & Data Analytics', 'active', '2025-04-28 04:44:34', '2025-04-28 04:44:34'),
(16, 3, '1745835302.jpg', 'Rabi Raj', 'https://www.linkedin.com/in/rabi-raj-89887a24/', 'Community-based Research & Data Analytics', 'active', '2025-04-28 04:45:02', '2025-04-28 04:45:02'),
(17, 6, '1745835773.jpg', 'Praveen PV', '#', 'Finance', 'active', '2025-04-28 04:52:53', '2025-04-28 04:52:53'),
(18, 6, '1745835930.jpg', 'CS Joshi', 'https://in.linkedin.com/in/chandra-shekhar-joshi-4993a56b', 'Operations', 'active', '2025-04-28 04:55:30', '2025-04-28 04:55:30'),
(19, 6, '1745835967.jpg', 'Sujit Kumar Sourav', 'https://www.linkedin.com/in/sujit-kumar-37a43b16/', 'IT', 'active', '2025-04-28 04:56:07', '2025-04-28 04:56:07'),
(20, 6, '1745836012.jpg', 'Linu Rachel Chacko', 'https://in.linkedin.com/in/linu-rachel-chacko-873235206', 'Visual Media', 'active', '2025-04-28 04:56:52', '2025-04-28 04:56:52'),
(21, 6, '1745836044.jpg', 'Suheil F Tandon', 'https://in.linkedin.com/in/suheil-f-tandon-4452a039?trk=public_post_feed-actor-name', 'Strategic Advisor', 'active', '2025-04-28 04:57:24', '2025-04-28 04:57:24');

-- --------------------------------------------------------

--
-- Table structure for table `video_testimonial`
--

CREATE TABLE `video_testimonial` (
  `id` int(11) NOT NULL,
  `url` text NOT NULL,
  `status` varchar(255) NOT NULL,
  `description` varchar(255) DEFAULT NULL,
  `created_at` timestamp NOT NULL DEFAULT current_timestamp() ON UPDATE current_timestamp(),
  `updated_at` timestamp NOT NULL DEFAULT current_timestamp()
) ENGINE=InnoDB DEFAULT CHARSET=utf8mb4 COLLATE=utf8mb4_general_ci;

--
-- Dumping data for table `video_testimonial`
--

INSERT INTO `video_testimonial` (`id`, `url`, `status`, `description`, `created_at`, `updated_at`) VALUES
(2, '<iframe width=\"695\" height=\"391\" src=\"https://www.youtube.com/embed/pEfhKZDhzZE\" title=\"Presentation\" frameborder=\"0\" allow=\"accelerometer; autoplay; clipboard-write; encrypted-media; gyroscope; picture-in-picture; web-share\" referrerpolicy=\"strict-origin-when-cross-origin\" allowfullscreen></iframe>', 'active', 'sachin', '2025-04-29 04:41:44', '2025-04-28 23:11:44'),
(5, '<iframe width=\"695\" height=\"391\" src=\"https://www.youtube.com/embed/YqR52Q4_Qlk\" title=\"Democracy Voting Course (JSV)\" frameborder=\"0\" allow=\"accelerometer; autoplay; clipboard-write; encrypted-media; gyroscope; picture-in-picture; web-share\" referrerpolicy=\"strict-origin-when-cross-origin\" allowfullscreen></iframe>', 'active', NULL, '2025-04-28 23:12:15', '2025-04-28 23:12:15'),
(6, '<iframe width=\"695\" height=\"391\" src=\"https://www.youtube.com/embed/3P2dTMn03e0\" title=\"Nukkad Natak\" frameborder=\"0\" allow=\"accelerometer; autoplay; clipboard-write; encrypted-media; gyroscope; picture-in-picture; web-share\" referrerpolicy=\"strict-origin-when-cross-origin\" allowfullscreen></iframe>', 'active', NULL, '2025-04-28 23:12:41', '2025-04-28 23:12:41'),
(7, '<iframe width=\"695\" height=\"391\" src=\"https://www.youtube.com/embed/P1AjzlW6klg\" title=\"Open Discussion 2\" frameborder=\"0\" allow=\"accelerometer; autoplay; clipboard-write; encrypted-media; gyroscope; picture-in-picture; web-share\" referrerpolicy=\"strict-origin-when-cross-origin\" allowfullscreen></iframe>', 'active', NULL, '2025-04-28 23:13:05', '2025-04-28 23:13:05');

--
-- Indexes for table `appointment`
--
ALTER TABLE `appointment`
  ADD PRIMARY KEY (`id`);

--
-- Indexes for table `blogs`
--
ALTER TABLE `blogs`
  ADD PRIMARY KEY (`id`);

--
-- Indexes for table `category`
--
ALTER TABLE `category`
  ADD PRIMARY KEY (`id`);

--
-- Indexes for table `courses`
--
ALTER TABLE `courses`
  ADD PRIMARY KEY (`id`);

--
-- Indexes for table `doctors`
--
ALTER TABLE `doctors`
  ADD PRIMARY KEY (`id`);

--
-- Indexes for table `failed_jobs`
--
ALTER TABLE `failed_jobs`
  ADD PRIMARY KEY (`id`),
  ADD UNIQUE KEY `failed_jobs_uuid_unique` (`uuid`);

--
-- Indexes for table `jobs`
--
ALTER TABLE `jobs`
  ADD PRIMARY KEY (`id`),
  ADD KEY `jobs_queue_index` (`queue`);

--
-- Indexes for table `job_batches`
--
ALTER TABLE `job_batches`
  ADD PRIMARY KEY (`id`);

--
-- Indexes for table `migrations`
--
ALTER TABLE `migrations`
  ADD PRIMARY KEY (`id`);

--
-- Indexes for table `news`
--
ALTER TABLE `news`
  ADD PRIMARY KEY (`id`);

--
-- Indexes for table `newsletter`
--
ALTER TABLE `newsletter`
  ADD PRIMARY KEY (`id`);

--
-- Indexes for table `sessions`
--
ALTER TABLE `sessions`
  ADD PRIMARY KEY (`id`),
  ADD KEY `sessions_user_id_index` (`user_id`),
  ADD KEY `sessions_last_activity_index` (`last_activity`);

--
-- Indexes for table `teams`
--
ALTER TABLE `teams`
  ADD PRIMARY KEY (`id`);

--
-- Indexes for table `video_testimonial`
--
ALTER TABLE `video_testimonial`
  ADD PRIMARY KEY (`id`);

--
-- AUTO_INCREMENT for table `appointment`
--
ALTER TABLE `appointment`
  MODIFY `id` bigint(20) UNSIGNED NOT NULL AUTO_INCREMENT, AUTO_INCREMENT=3;

--
-- AUTO_INCREMENT for table `blogs`
--
ALTER TABLE `blogs`
  MODIFY `id` bigint(20) UNSIGNED NOT NULL AUTO_INCREMENT;

--
-- AUTO_INCREMENT for table `category`
--
ALTER TABLE `category`
  MODIFY `id` int(11) NOT NULL AUTO_INCREMENT, AUTO_INCREMENT=7;

--
-- AUTO_INCREMENT for table `courses`
--
ALTER TABLE `courses`
  MODIFY `id` bigint(20) UNSIGNED NOT NULL AUTO_INCREMENT, AUTO_INCREMENT=14;

--
-- AUTO_INCREMENT for table `doctors`
--
ALTER TABLE `doctors`
  MODIFY `id` bigint(20) UNSIGNED NOT NULL AUTO_INCREMENT;

--
-- AUTO_INCREMENT for table `failed_jobs`
--
ALTER TABLE `failed_jobs`
  MODIFY `id` bigint(20) UNSIGNED NOT NULL AUTO_INCREMENT;

--
-- AUTO_INCREMENT for table `jobs`
--
ALTER TABLE `jobs`
  MODIFY `id` bigint(20) UNSIGNED NOT NULL AUTO_INCREMENT;

--
-- AUTO_INCREMENT for table `migrations`
--
ALTER TABLE `migrations`
  MODIFY `id` int(10) UNSIGNED NOT NULL AUTO_INCREMENT, AUTO_INCREMENT=6;

--
-- AUTO_INCREMENT for table `news`
--
ALTER TABLE `news`
  MODIFY `id` bigint(20) UNSIGNED NOT NULL AUTO_INCREMENT, AUTO_INCREMENT=3;

--
-- AUTO_INCREMENT for table `newsletter`
--
ALTER TABLE `newsletter`
  MODIFY `id` bigint(20) UNSIGNED NOT NULL AUTO_INCREMENT, AUTO_INCREMENT=6;

--
-- AUTO_INCREMENT for table `teams`
--
ALTER TABLE `teams`
  MODIFY `id` bigint(20) UNSIGNED NOT NULL AUTO_INCREMENT, AUTO_INCREMENT=22;

--
-- AUTO_INCREMENT for table `video_testimonial`
--
ALTER TABLE `video_testimonial`
  MODIFY `id` int(11) NOT NULL AUTO_INCREMENT, AUTO_INCREMENT=8;
COMMIT;

